h**3/3 - 9*h**2/2 - 6*h + 4. What is the tens digit of s(-6)?
1
Let b = 14 - 9. Let h(j) = 4*j - 12. What is the units digit of h(b)?
8
Suppose -2*k + 0*k = -p + 24, 2*k - 3*p + 16 = 0. Suppose 0*a + 3*a + 2 = -2*u, -2*u + 2 = a. What is the units digit of (3/(-3) - k) + u?
5
Let l(k) = k - 5. Let s be ((-1)/(2/14))/(-1). Let n be l(s). Suppose -n*m + 0*m + 4 = 0. What is the units digit of m?
2
Let u(d) = -d - 3. Suppose 5 - 2 = -a. Let z be u(a). Suppose z = -2*g + 9 - 1. What is the units digit of g?
4
Suppose 0*g + g + 3 = 5*y, 5*g = -3*y - 15. Let q = -4 - y. What is the units digit of 4/12 + q/(-6)?
1
Let h = 64 + -4. Suppose -t + h = 4*t. What is the units digit of t?
2
Suppose -u - 16*u + 1156 = 0. What is the units digit of u?
8
Suppose k + 3 = 8. Suppose -65 + k = -5*h. What is the units digit of h?
2
Suppose 0 = -3*v + 3*u + 204, -2*u + 49 = -v + 116. What is the tens digit of v?
6
Let s(c) = -7 + 9*c + 3*c**2 - 8*c**2 - 2*c**2 + c**3 + 0. What is the units digit of s(6)?
1
Suppose 4*n = o + 238 + 248, -2*n + o + 244 = 0. What is the tens digit of n?
2
What is the units digit of -7*(-5)/(175/20)?
4
Let c be 2*8 - (9 - 11). Suppose 2 + 3 = -x. Let h = c + x. What is the units digit of h?
3
Let c = 0 - 1. Let d = 1 + c. Suppose 7 = h + 2*v, v - 11 = -2*h - d*v. What is the units digit of h?
5
Suppose -12*h + 568 + 464 = 0. What is the tens digit of h?
8
Let j(x) = 8*x + 2. What is the units digit of j(3)?
6
Suppose -5*n + 0*q + 173 = -4*q, -155 = -5*n - 5*q. What is the units digit of n?
3
Let z(n) = n - 4. Let g be z(8). Let c be -1 - (-2 - -1)*31. Suppose 0 = -y - g*y - 5*h + 25, 4*y + 2*h = c. What is the units digit of y?
0
Let c(p) be the first derivative of p**4/4 + 4*p**3/3 - 3*p**2 + p + 2. Let t be c(-5). Suppose -15 + t = -3*y. What is the units digit of y?
3
Suppose 0 = -5*s + 565 - 20. What is the hundreds digit of s?
1
Let q = 7 + -4. Let c be (-1)/q*-1*9. Suppose -c*j = -10 - 47. What is the units digit of j?
9
Let g(b) = 2*b. What is the tens digit of g(8)?
1
Let r = 0 - 2. Let s be ((-2)/3)/(r/12). Suppose x - 13 = -2*a, -3*x = s*a + a - 35. What is the units digit of a?
4
Suppose -24*a + 27*a = 864. What is the hundreds digit of a?
2
Let l(v) be the second derivative of v**5/20 - 5*v**4/12 - v**3/6 + 7*v**2/2 + 9*v. What is the units digit of l(5)?
2
Let d = -443 + 207. What is the tens digit of (-3)/5 - d/10?
2
Let r(z) = -z**2 + 7*z - 3. Let i(a) = 6*a**2 - 34*a + 15. Let p(b) = -2*i(b) - 11*r(b). What is the tens digit of p(-7)?
1
Suppose z + 1 = -y, y = -y + z + 7. Let l = y - -8. What is the units digit of l?
0
Suppose 4*a = -0*a - 4*y - 8, 5*a - 4*y = -19. What is the units digit of (-2)/(6/a)*10?
0
Let a = -106 + 208. Suppose 0 = -4*t + a + 34. What is the tens digit of t?
3
Suppose -3*l + 50 = 3*o + l, -2 = -l. What is the tens digit of o?
1
Suppose 4*k + 14 = 2*h, -4*h - 4 = -k - 18. Suppose 0 = -q + h. Suppose -5*i = 5*o - 75, 11 + 14 = i + q*o. What is the units digit of i?
0
Suppose 0*b + 10 = 5*b. Suppose 0*k + b = k. Suppose 3*r - x = k*x, -7 = -2*r - 5*x. What is the units digit of r?
1
Suppose 5*r - r + 5*i - 418 = 0, 0 = -4*r + 3*i + 402. What is the hundreds digit of r?
1
Suppose 5*b = 2*c + 672, -6*b = -5*b + 2*c - 144. What is the units digit of b?
6
Let y(m) = -m**3 - 10*m**2 - 11*m + 8. Let d be y(-9). Suppose -10*c - d = -11*c. What is the units digit of c?
6
Suppose -13*i = -15*i + 78. What is the tens digit of i?
3
Let w(x) = -x + 10. Let g be w(9). Let o = g - -2. What is the units digit of (1/o)/((-1)/(-27))?
9
Suppose 11*h - 54 = 2*h. Let j = 0 - -1. Let c = j + h. What is the units digit of c?
7
Let m(p) be the third derivative of p**5/60 - 2*p**3/3 + 7*p**2. What is the tens digit of m(-6)?
3
Suppose -5*r + 134 = -26. What is the tens digit of r?
3
Suppose -2*r - 4*n + 20 = n, -4*n = -3*r + 7. Let s be ((-4)/6)/(2/(-3)). Suppose r - s = a. What is the units digit of a?
4
Let g(p) = p + p + 14 + 1 - 3*p. What is the units digit of g(13)?
2
Suppose 2*w + 2*v = 5*w, 3*w - 18 = -4*v. Let r be ((-2)/(-2))/(1/2). Let h = r + w. What is the units digit of h?
4
Suppose -9*b + 7*b = -142. What is the units digit of b?
1
Let q(u) = 2*u + 11. Let d(k) = -k - 10. Let z(x) = 4*d(x) + 3*q(x). Let l be z(6). Suppose 0 = -5*g + 15 + l. What is the units digit of g?
4
Let h(i) = i**3 + 4*i**2 - 6*i + 1. Let g be h(-5). Let z(w) = -w**3 + 8*w**2 - 6*w + 4. What is the tens digit of z(g)?
4
Suppose v = 4*j + 25, -5*v + 147 = 3*j - 93. What is the tens digit of v?
4
Let j(q) = 104*q**3 - 2*q**2 + q. What is the tens digit of j(1)?
0
Let b(i) = -i - 12. Let n be b(-12). Suppose -x + 40 = -n*x. What is the units digit of x?
0
Suppose -3*x - f = -2*f - 4, -4*f = -4*x + 16. What is the units digit of ((-6)/(-3) - x) + 7?
9
Let w be -9 + (-4)/2 + 3. Let i = 11 + w. What is the units digit of i?
3
Suppose 1 = 2*k - 1. Suppose 5*t = b + 12, -4*b = 3*t - 7*b. Let v = t - k. What is the units digit of v?
2
Suppose 6*q = 10*q - 252. What is the units digit of q?
3
Suppose 2*u + 2 - 12 = 0. Suppose -2*o + 5*o + b = 87, 2*b - 146 = -u*o. Suppose 0 = -8*d + 4*d + o. What is the units digit of d?
7
What is the units digit of 148/(4 + 0) + 4?
1
Suppose 2*w = -5*m + 34, -4*w - 4*m = -17 - 51. Let c = w - 10. What is the units digit of c?
7
Let i(a) = a**2 + 3*a - 1. Suppose -3*b - 5*r = 20, -b - 16 = -3*b + 4*r. Let v be -2 + (-1 - b) + -1. What is the units digit of i(v)?
3
Suppose 43*x = 41*x + 422. What is the tens digit of x?
1
Let i(j) be the first derivative of -j**3/3 + 9*j**2/2 - 9*j + 1. What is the units digit of i(6)?
9
Let x = -26 + 201. What is the tens digit of x?
7
Let o(h) = -2*h + 7. Let g be o(0). Suppose 5*w - 112 = 4*n, 3*w - g*w = 3*n - 102. What is the units digit of w?
4
Let h be 2/4*(1 - -3). Suppose 5*g = t + h*t + 51, 0 = t - 2*g + 18. Let i = t + 23. What is the tens digit of i?
1
Let h be ((-2)/3)/(2/3). Suppose -3*y - 4*x = -0*x - 19, y = -5*x + 21. What is the units digit of (-4 - -6) + h/y?
1
Let u = 207 + -113. What is the units digit of u?
4
Suppose 4*x - 5*q = 46, x - 4*x + 3*q = -36. Let d(t) = -t**2 + t - 12. Let r be d(-10). What is the units digit of 6/21 - r/x?
9
Let c(b) = b**3 + 8*b**2 - 2*b + 1. What is the units digit of c(-4)?
3
Let a be (2 - 2) + 0 - 6. Let b = 25 - 43. Let r = a - b. What is the units digit of r?
2
Suppose -3*a - 61 = 23. Let d = a - -43. What is the units digit of d?
5
Let t = -31 - -74. What is the tens digit of t?
4
Suppose -w - 23 = -68. Suppose 0*v - 3*v = -w. What is the tens digit of v?
1
Let w(f) be the third derivative of -f**4/12 - f**3/2 + f**2. Let s be (-1 + -3)*(-16 + 17). What is the units digit of w(s)?
5
Let f(k) = 8*k - 8. What is the tens digit of f(7)?
4
Let k(y) = -6*y**3 - 3*y**2 - 5*y - 6. Let u be k(-4). What is the units digit of u/8 - (-13)/52?
4
Let x = 1 + -4. Let c be (-2)/x*(-18)/4. Let v(k) = -k**3 - 4*k**2 - 3*k + 3. What is the units digit of v(c)?
3
Suppose 2*m = 2*c - 14, 3*c - 15 = 3*m - 2*m. What is the tens digit of 5/(10/(-4) - m)?
1
Let h be -2*(170/(-4))/5. Let d = h + -3. Let i = d - -4. What is the units digit of i?
8
Let f = -1 + 7. Suppose -8 = -2*y + 12. Let x = y - f. What is the units digit of x?
4
What is the units digit of 33 - (3 + -2 + 2)?
0
Suppose -15*r + 645 = -1740. What is the hundreds digit of r?
1
Suppose -r + 0*r + 11 = 0. Let y = r - 8. What is the units digit of y?
3
Let j = 1 + -1. Let g = j + -1. Let v = 9 + g. What is the units digit of v?
8
Suppose -2*o = -t - 2 + 32, 0 = 4*o - 20. Suppose -2*g + t = 2*g - 4*u, 44 = 5*g + u. What is the units digit of g?
9
Let s(k) = -3*k**2 - 8*k + 9*k + 8*k**2 + 1. Let z be s(-1). Suppose 0 = -4*r + z*r - 8. What is the units digit of r?
8
Suppose 2*g + 164 = 3*r, r + 4*g - 73 = g. What is the units digit of r?
8
Suppose -2*g + 5 = 5*v, 3*v - 3 = -4*g + 2*g. What is the units digit of v?
1
What is the units digit of 1*2*-15*56/(-16)?
5
Let s = 11 + -8. Let v = -5 + s. What is the units digit of -2*(-8)/(4 + v)?
8
Suppose 2*m - 4*o = -0*o + 100, -5*o = 10. What is the units digit of m?
6
Suppose 0 = 2*z - 14 + 4. Suppose -b = -2*a + z - 1, -3*a = b - 1. What is the units digit of a?
1
Suppose -5*f - 4*k + 3 = -29, f + 5*k + 2 = 0. Suppose -7 = -g + f. What i